(o).
-17
Let t(d) = -3 - d**2 + 5*d + 3*d - 3*d. Suppose -b = 2*j, 4*j - 6*b = -b + 28. Give t(j).
3
Suppose 0 = -t + 3*t - 2. Suppose -4*i + 5*c + 5 = 0, 0 = 2*i - 2*c - t - 1. Let m(r) = r**3 - r - 4. Determine m(i).
-4
Let g(r) = r**3 + 14*r**2 + 11*r - 19. Let f be g(-13). Let p(y) = y - 3 + 7 - f. Give p(-5).
-8
Let a(n) = -n**3 + 6*n**2 - 4*n - 7. Let o = 18 - 13. What is a(o)?
-2
Let w(s) be the third derivative of -s**5/60 + s**2. Let k be 3/2 - 4/8. Suppose 0*y - k = y. What is w(y)?
-1
Let i(x) be the third derivative of 1/20*x**5 + 0 - 1/120*x**6 - 2*x**2 + 1/8*x**4 + 0*x + 5/6*x**3. Calculate i(4).
1
Let y(j) = -j**2 - j + 1. Let u be (1/2)/(5/(-80)). Let f = u - -6. Give y(f).
-1
Let a(v) = 3*v**3 + 25*v**2 - 25*v + 27. Let r(i) = -i**3 - 12*i**2 + 12*i - 13. Let t(b) = -2*a(b) - 5*r(b). What is t(9)?
2
Let o(l) = -l + 1. Suppose 0 = 3*w + 3*g + 18, -g = -4*g - 12. Let q = w + 1. Let d be (1 - q) + 1/1. Calculate o(d).
-2
Let n(d) = -10*d**2 - 5*d**2 + 23*d**2 + 7*d - 7*d**2 + 3. What is n(-8)?
11
Let k(p) = -p**2 + 3*p + 7. Let y(t) = -t + 1. Suppose 4*z - 14 = i, -14 = 2*i + 2*i - 2*z. Let v be y(i). Suppose v*r = 23 - 8. Determine k(r).
-3
Suppose 0 = -26*k + 21*k + 10. Let s be (k + 0)*(-12)/8. Let o(l) = -15*l**2 - 2*l + 4. Let x(f) = -7*f**2 - f + 2. Let u(r) = -6*o(r) + 13*x(r). Give u(s).
-4
Let y be 18/7 - (-9)/21. Let o(u) = 3*u + 7*u - y*u - 2*u. What is o(1)?
5
Let m be (-7)/(14/(-4)) - 3. Let y(p) = -7*p**2 + 1. Determine y(m).
-6
Let j be (2 + -4)/(1 - 0). Let u(d) = d**3 - 2*d**2 - 2*d. What is u(j)?
-12
Let g(w) = w**2 - 6*w. Let m = -27 + 33. What is g(m)?
0
Let f(v) = -v**2 - 6*v - 10. Let t(n) = n**3 + 12*n**2 + 12*n + 4. Let y be t(-11). What is f(y)?
-17
Suppose 1 = -2*x + 5. Suppose -2*i + 1 = t, -x*i + 0*i = -t + 5. Let r(l) = -4*l**2 - l. Determine r(i).
-3
Let k(x) = -5*x**2 - 61*x - 56. Let n(o) = o**2 + 12*o + 11. Let d(t) = -2*k(t) - 11*n(t). Calculate d(-9).
0
Let z(d) = 2*d**2 - 6*d - 3. Let f(n) = -n - 1. Suppose -4*k + k = -12. Let g(l) = k*f(l) - z(l). What is g(2)?
-5
Let h(g) be the first derivative of g**3/3 + 2*g**2 - 6*g - 13. Determine h(-5).
-1
Let l(h) = h**3 - 5*h**2 + 5*h - 2. Let a be -4 - 79/(-11) - 8/44. What is l(a)?
-5
Let p(a) = -a**3 - 6*a**2 - a - 3. Let u(h) = -2*h. Let m be u(3). Let k be p(m). Let d(o) = 3*o**2 + o**k - 5*o - 5 - 2*o**2 + 4*o. Determine d(0).
-5
Let j(v) = 3*v - 2. Let u(t) = -4*t + 2. Let c(n) = 5*j(n) + 4*u(n). Suppose -5*g = -2*g. Give c(g).
-2
Suppose -1 = 3*t - 5*w, -2*w = -2*t - 3*w + 21. Let c = t + -13. Let b(g) = g**2 + 6*g + 1. Give b(c).
-4
Let y(z) = -z - 4. Suppose 135 = 4*h - 5*n, 4*h - n - 150 = n. Let i be ((-4)/10)/(4/h). What is y(i)?
0
Let l(v) = -6 + 7 + 0 - v. Give l(1).
0
Let d(r) = r**3 + 4*r**2 - 4*r - 6. Let l(p) = -2*p + 1. Let f be l(-6). Suppose 32 = 5*j - j. Let z = j - f. What is d(z)?
-11
Let y(q) = -q**3 + 3*q**2 + 3*q + 3. Suppose 135 = -7*k + 2*k. Let n be (36/k)/((-2)/6). Calculate y(n).
-1
Suppose -8 + 6 = -2*a. Let g(u) = -12*u**3 + 2*u**2 - 1. What is g(a)?
-11
Let j be ((-16)/12)/((-2)/6). Let x be (-6)/(-15) - (-2)/(-5). Let g(l) = 3 - 6*l + x - l**2 + 0 - j. What is g(-5)?
4
Let t(d) = -d**2 - 4*d + 3. Let x = -16 + 11. Let u be 2/x + 138/(-30). What is t(u)?
-2
Let k(a) = 7*a + 60. Let g be k(-9). Let v(s) = -s - 2. Give v(g).
1
Let k(s) = -15*s**3 + 25*s**3 - 12*s**3. Give k(-1).
2
Let j(h) = -5*h - 32 + 32. Let q(y) = -y**2 - 4*y - 3. Let i be q(-2). What is j(i)?
-5
Suppose 3*v + 5 = -4. Let k(g) = g + 11. Let x(q) = 4. Let d(o) = 3*k(o) - 8*x(o). What is d(v)?
-8
Let w be (-45)/((-2)/((-16)/12)). Let k be (24/w)/(1/(-5)). Let y(i) = 3*i - 5. Determine y(k).
7
Let p(l) = -l**3 - l**2 - l. Let y(m) = -7*m**2 + 6*m - 6. Let q(j) = p(j) - y(j). Let a(u) = u + 2. Let g be 74/26 - 14/(-91). Let f be a(g). Calculate q(f).
-4
Let o(q) = q. Let j(l) be the second derivative of -l**3 - 3/2*l**2 - l + 0. Let r(k) = j(k) + 5*o(k). Calculate r(-2).
-1
Let b(h) = -h**2 - 5*h - 4. Let j be b(-4). Suppose 2*a + j*a = -8. Let i(x) = 3*x + 0 + 1 + 1. Give i(a).
-10
Let c be 1/((-3)/69 - 0). Let m = c - -26. Let p(l) = 5*l - 4. What is p(m)?
11
Let v(t) = -t + 7. Let k(q) = q**2 + 4*q + 4. Let o be k(-4). Suppose 17 = o*c - 3. Give v(c).
2
Let x(w) = -3*w - 3. Suppose -3*v + 8*v + 1 = 3*z, -4*z + 3 = -5*v. Let t(h) = h - 1. Let k(u) = v*x(u) - 2*t(u). Determine k(1).
-6
Let v(x) = -4*x + 1. Let c(s) = -s**2 - 7*s - 5. Let o be c(-5). Determine v(o).
-19
Let p be 3/6*1*14. Let j(z) = 3*z + 2*z + p - 4*z. What is j(-5)?
2
Let c(k) = k**2 - 4*k - 1. Suppose -4*x + 18 = -6. Give c(x).
11
Let u(i) = 8*i - 15*i + 8*i + 12. What is u(-5)?
7
Let z be (-2 - 0)/((-4)/10). Let a(v) = z*v**3 - 1 + 5*v - 5*v + v. Let k = 5 + -4. What is a(k)?
5
Let b = 0 + 0. Let u(a) = 2 - a - 4 + b. Let q = 2 - 2. What is u(q)?
-2
Let v be 2*6*(-3)/(-6). Suppose 3*n = 3*m - v, m - 7 = -3*m + 5*n. Let d(p) = 2*p**3 + 2 + 0 - p**m - 3*p**2. Give d(3).
2
Suppose 3*y + 0*y + 45 = 0. Let t be (-2 + (-21)/y)*-5. Suppose 0 = m - 2*a, -4*m - t*a - a - 24 = 0. Let w(h) = h**2 + 4*h - 4. Give w(m).
-4
Let l(q) = -2*q**2 + 3*q - 3. Suppose 10 = 3*g + 4. Give l(g).
-5
Let d(c) be the first derivative of 4 - 1/2*c**2 + 1/4*c**4 - 11*c + 1/3*c**3. Calculate d(0).
-11
Let t(w) = -2*w + 4. Let r(f) = 4*f - 2. Let v be r(-2). Let o be v/(-2)*(7 - 6). Give t(o).
-6
Let h(a) = a**2 - a. Suppose -3*i + 5*i = 8, -2*u - i + 24 = 0. Let f = u - 13. Calculate h(f).
12
Let h(q) = q**2 + 5*q + 2. Let y be -5*11*(-1)/5. Suppose -24 = 3*z + 4*w, 5*z - 2*w + 3 = -y. Give h(z).
-2
Let d = 2 + 1. Let b(l) = -d - 1 - 2 - l. Suppose -f + 2*f + 5 = 0. Give b(f).
-1
Let p(j) = 2*j - 4. Let r be 6 + -5 + 0 + 3. Suppose 0 = u - r*i + 7, 3 - 2 = -2*u - 5*i. Determine p(u).
-10
Suppose -1 + 3 = -x. Let l(k) be the second derivative of 0 - 1/2*k**3 - 3/2*k**2 + 1/20*k**5 + 2*k + 0*k**4. Give l(x).
-5
Let f(w) = 16*w**3 - 3*w + 6*w**3 - 2 - w**2 - 21*w**3. Determine f(-2).
-8
Suppose -x = -r + 2*x + 30, 0 = -r + 2*x + 27. Suppose r - 5 = 4*h. Let l(j) = 3 + 4*j + 1 - 5 - 2*j. Give l(h).
7
Let a(p) = -5*p**3 - 7*p**2 + 2*p - 1. Let b(m) = 4*m**3 + 8*m**2 - 2*m + 1. Let z(v) = 6*a(v) + 5*b(v). Let y be (-2)/4*(-1 - 1). Give z(y).
-11
Let k(j) = 6*j**2 - 2*j - 1. Let u(f) = 5*f**2 - 2*f - 1. Let l(s) = -3*k(s) + 2*u(s). What is l(-1)?
-9
Let w(g) = -7*g**2 - 5. Let v(s) = s**2 + 1. Let y(p) = -6*v(p) - w(p). Let i = 11 + -5. Suppose 3*r - 6*r = -i. Determine y(r).
3
Let l(i) = -3*i**2 - 12*i + 12. Let s(g) be the third derivative of 0*g - g**2 + 1/30*g**5 - g**3 + 0 + 1/4*g**4. Let z(r) = -3*l(r) - 5*s(r). Determine z(4).
2
Let l(d) = 5*d + 2*d**2 - 16 - 3*d**2 + 19 + 0*d. Determine l(4).
7
Let a(z) = z - 4. Suppose -2*p + 320 = 4*x + 3*p, 0 = -4*x - p + 336. Let f = -60 + x. Suppose 0 = 6*u - u - f. Determine a(u).
1
Let d(x) = x**2 - 6*x + 5. Let w(s) = -4*s - 1. Let r be w(-1). Let b be (2/r)/(2/12). What is d(b)?
-3
Let i = 6 - 10. Let f(n) = -n - 9. Calculate f(i).
-5
Let w(f) = 5*f**3 - 5*f + 10. Let x(r) = -9*r**3 + 9*r - 19. Let n(a) = 11*w(a) + 6*x(a). Let i(s) = -s - 4. Let m be i(-4). Determine n(m).
-4
Let u(n) = -7*n**3 - 11*n**2 - 2*n + 1. Let o(q) be the first derivative of 3*q**4/4 + 5*q**3/3 + q**2/2 - q + 3. Let m(j) = -5*o(j) - 2*u(j). Calculate m(-3).
6
Let b(n) = n**2 + n + 3. Suppose 0 = -4*y - 7 - 5. Give b(y).
9
Let c(d) = d**2 - 18*d + 5. Let n be c(18). Let p(a) be the first derivative of a**4/4 - 2*a**3 + 2*a**2 + 3*a - 1. Determine p(n).
-2
Suppose 0 = -o - 3 + 2. Let p(j) = -j**2 + 1. Let l(g) = -g - 1. Let v(z) = 2*l(z) + p(z). What is v(o)?
0
Let l be 1/2*(9 - 5). Let o(i) = i**2 - 4*i + 2. What is o(l)?
-2
Let y(o) = -o**3 - 7*o**2 + 10*o + 22. Let u be y(-8). Let a(b) = -b + 14. Give a(u).
8
Let x(a) = -a. Let y be ((-2)/4)/(4/8). Give x(y).
1
Suppose -3*c + 22 = w + w, 0 = 2*c + w - 13. Let y(g) be the first derivative of -2 + g + 1/3*g**3 - 3/2*g**2. Give y(c).
5
Let b(c) = -c**2 + 7*c - 11. Let k be b(4). Let g(w) = -w**3 - w**2 + 2*w - 1. Give g(k).
-1
Let a(j) = -j + 2. Suppose -i - 4*i = 2*r + 34, -4*i - r = 26. Determine a(i).
8
Let j = -19 + 21. Let g(l) = -2*l**j + 4*l**2 - 3*l**2 + 5*l**3 - 4*l**3. Determine g(-1).
-2
Let j be 0/(-3) + 2 + -1. Let f be -2 - 